{"id":1109,"date":"2020-05-29T06:19:07","date_gmt":"2020-05-29T06:19:07","guid":{"rendered":"https:\/\/dracs.es\/?page_id=1109"},"modified":"2020-08-30T13:00:42","modified_gmt":"2020-08-30T11:00:42","slug":"entrenamientos-regulares","status":"publish","type":"page","link":"https:\/\/dracs.es\/vl\/entrenamientos-regulares\/","title":{"rendered":"Entrenaments Regulars"},"content":{"rendered":"<p>Entrenamients regularsAquesta p\u00e0gina de gesti\u00f3 et permet inscriure&#8217;t de manera regular i domiciliar el repartiment de costos d&#8217;entrenament de l&#8217;activitat en la qual t&#8217;inscriguesValenci\u00e0Espa\u00f1ol Men\u00fa IniciEl meu compteSalir Altres activitats [event-list column=4] Actualitat [event-calendar]&#8230; <\/p>\n<div class=\"pmpro\">\n<div class=\"pmpro_card pmpro_content_message\">\n<div class=\"pmpro_card_content\"><a href=\"https:\/\/dracs.es\/vl\/membership-login\/\">Accedir al meu compte<\/a><br \/>\n<br \/>\n<a href=\"https:\/\/dracs.es\/vl\/membership-join\/\">Vull associar-me<\/a>\n<\/div>\n<\/div>\n<\/div>\n","protected":false},"excerpt":{"rendered":"<p>Entrenamients regularsAquesta p\u00e0gina de gesti\u00f3 et permet inscriure&#8217;t de manera regular i domiciliar el repartiment de costos d&#8217;entrenament de l&#8217;activitat en la qual t&#8217;inscriguesValenci\u00e0Espa\u00f1ol IniciEl meu compteSalir UncategorizedManifest\u00a0 #1D\u00a0 #LEsport\u00c9sPositiu\u00a0 #StopSerof\u00f2biaSaber m\u00e1sUncategorizedManifest #19F #EsportInclusiuSaber m\u00e1sUncategorizedApunta&#8217;t a la pr\u00f2xima excursi\u00f3 a la Serra d&#8217;Irta en Pe\u00f1iscola el 27\/06\/2021Saber m\u00e1sUncategorizedApunta&#8217;t a l&#8217;excursi\u00f3 dels Calderones &#8211; El Charco&#8230;&hellip;... <\/p>\n<div class=\"pmpro\"><div class=\"pmpro_card pmpro_content_message\"><div class=\"pmpro_card_content\"><a href=\"https:\/\/dracs.es\/vl\/membership-login\/\">Accedir al meu compte<\/a>\r\n<br \/>\r\n<a href=\"https:\/\/dracs.es\/vl\/membership-join\/\">Vull associar-me<\/a>\r\n<\/div><\/div><\/div>","protected":false},"author":1,"featured_media":0,"parent":0,"menu_order":0,"comment_status":"closed","ping_status":"closed","template":"","meta":{"pmpro_default_level":"","footnotes":""},"class_list":["post-1109","page","type-page","status-publish","hentry","pmpro-level-required","pmpro-level-1","pmpro-no-access"],"translation":{"provider":"WPGlobus","version":"3.0.2","language":"vl","enabled_languages":["es","vl"],"languages":{"es":{"title":true,"content":true,"excerpt":false},"vl":{"title":true,"content":true,"excerpt":false}}},"featured_image_urls_v2":{"full":"","thumbnail":"","medium":"","medium_large":"","large":"","1536x1536":"","2048x2048":"","post-thumbnail":"","envo-one-img":"","woocommerce_thumbnail":"","woocommerce_single":"","woocommerce_gallery_thumbnail":""},"post_excerpt_stackable_v2":"<p>Entrenamients regularsAquesta p\u00e0gina de gesti\u00f3 et permet inscriure&#8217;t de manera regular i domiciliar el repartiment de costos d&#8217;entrenament de l&#8217;activitat en la qual t&#8217;inscriguesValenci\u00e0Espa\u00f1ol Men\u00fa IniciEl meu compteSalir Altres activitats [event-list column=4] Actualitat [event-calendar]&#8230; Accedir al meu compte Vull associar-me... <\/p>\n<div class=\"pmpro\"><div class=\"pmpro_card pmpro_content_message\"><div class=\"pmpro_card_content\"><a href=\"https:\/\/dracs.es\/vl\/membership-login\/\">Accedir al meu compte<\/a>\r\n<br \/>\r\n<a href=\"https:\/\/dracs.es\/vl\/membership-join\/\">Vull associar-me<\/a>\r\n<\/div><\/div><\/div>","category_list_v2":"","author_info_v2":{"name":"admin","url":"https:\/\/dracs.es\/vl\/author\/celgtbivalencia\/"},"comments_num_v2":"0 comments","_links":{"self":[{"href":"https:\/\/dracs.es\/vl\/wp-json\/wp\/v2\/pages\/1109","targetHints":{"allow":["GET"]}}],"collection":[{"href":"https:\/\/dracs.es\/vl\/wp-json\/wp\/v2\/pages"}],"about":[{"href":"https:\/\/dracs.es\/vl\/wp-json\/wp\/v2\/types\/page"}],"author":[{"embeddable":true,"href":"https:\/\/dracs.es\/vl\/wp-json\/wp\/v2\/users\/1"}],"replies":[{"embeddable":true,"href":"https:\/\/dracs.es\/vl\/wp-json\/wp\/v2\/comments?post=1109"}],"version-history":[{"count":21,"href":"https:\/\/dracs.es\/vl\/wp-json\/wp\/v2\/pages\/1109\/revisions"}],"predecessor-version":[{"id":2221,"href":"https:\/\/dracs.es\/vl\/wp-json\/wp\/v2\/pages\/1109\/revisions\/2221"}],"wp:attachment":[{"href":"https:\/\/dracs.es\/vl\/wp-json\/wp\/v2\/media?parent=1109"}],"curies":[{"name":"wp","href":"https:\/\/api.w.org\/{rel}","templated":true}]}}

<p>Entrenamients regularsAquesta pàgina de gestió et permet inscriure&#8217;t de manera regular i domiciliar el repartiment de costos d&#8217;entrenament de l&#8217;activitat en la qual t&#8217;inscriguesValenciàEspañol Menú IniciEl meu compteSalir Altres activitats [event-list column=4] Actualitat [event-calendar]&#8230; </p>
<div class="pmpro">
<div class="pmpro_card pmpro_content_message">
<div class="pmpro_card_content"><a href="https://dracs.es/vl/membership-login/">Accedir al meu compte</a><br />
<br />
<a href="https://dracs.es/vl/membership-join/">Vull associar-me</a>
</div>
</div>
</div>

<p>Entrenamients regularsAquesta pàgina de gestió et permet inscriure&#8217;t de manera regular i domiciliar el repartiment de costos d&#8217;entrenament de l&#8217;activitat en la qual t&#8217;inscriguesValenciàEspañol IniciEl meu compteSalir UncategorizedManifest  #1D  #LEsportÉsPositiu  #StopSerofòbiaSaber másUncategorizedManifest #19F #EsportInclusiuSaber másUncategorizedApunta&#8217;t a la pròxima excursió a la Serra d&#8217;Irta en Peñiscola el 27/06/2021Saber másUncategorizedApunta&#8217;t a l&#8217;excursió dels Calderones &#8211; El Charco&#8230;&hellip;... </p>
<div class="pmpro"><div class="pmpro_card pmpro_content_message"><div class="pmpro_card_content"><a href="https://dracs.es/vl/membership-login/">Accedir al meu compte</a>
<br />
<a href="https://dracs.es/vl/membership-join/">Vull associar-me</a>
</div></div></div>

<p>Entrenamients regularsAquesta pàgina de gestió et permet inscriure&#8217;t de manera regular i domiciliar el repartiment de costos d&#8217;entrenament de l&#8217;activitat en la qual t&#8217;inscriguesValenciàEspañol Menú IniciEl meu compteSalir Altres activitats [event-list column=4] Actualitat [event-calendar]&#8230; Accedir al meu compte Vull associar-me... </p>
<div class="pmpro"><div class="pmpro_card pmpro_content_message"><div class="pmpro_card_content"><a href="https://dracs.es/vl/membership-login/">Accedir al meu compte</a>
<br />
<a href="https://dracs.es/vl/membership-join/">Vull associar-me</a>
</div></div></div>
